 number?
False
Is (20273 - 16) + (-5)/20*0 composite?
True
Let u = -102 + 148. Suppose 0 = -56*c + u*c + 11380. Is c a prime number?
False
Let v(k) = -k**3 - 8*k**2 - 6*k + 9. Let b be v(-7). Let m(c) = -b*c + 22*c**2 + 23 - 9*c - 27. Is m(-11) composite?
True
Is (-40990)/(-4)*368/184 a prime number?
False
Is (2/(-14)*9 + (-922)/(-3227))*-299087 a prime number?
True
Let l = -18276 - -175255. Is l composite?
False
Is (1*3482)/(19401/667 - 29) a composite number?
True
Suppose 2*o + i = 152830, 3*o - 414*i = -419*i + 229231. Is o prime?
False
Let b be 2 - -1 - (0 - 0). Suppose -18*s + 19*s - b = 0. Suppose -4*c = -s*u + 163, 5*c + 218 = -5*u + 9*u. Is u a composite number?
True
Let f(k) = 8*k**3 - 2*k**2 + 2*k. Let m be f(1). Let h be ((-228)/m)/(6/(-8)). Suppose 5*t - 117 = h. Is t a prime number?
True
Suppose 0*f + 415782 = 5*m + f, f - 249472 = -3*m. Is m prime?
False
Let o = 4669 + 38268. Is o a composite number?
False
Let b be (2 - -2) + (-1)/(1/2). Suppose 1 - 15 = -b*v. Suppose v*k = -2*k + 10539. Is k composite?
False
Let r be 10/(-15)*6/4 - -164. Suppose 161*g + 5486 = r*g. Is g a composite number?
True
Let k(y) = -990*y - 11627. Is k(-18) prime?
False
Let d be (4/(-16))/(92/96 + -1). Suppose -3*b + 4210 = f, -8*b = 2*f - d*b - 8408. Is f composite?
False
Suppose 37*s + 4*s - 70151 = 0. Is s prime?
False
Let v be (-46)/(-14) + (-12)/42. Suppose -3*m + z + 4969 = 0, -v*m - 2*m + 4*z = -8277. Is m composite?
False
Let h(g) = -g**3 + 2*g**2 + 2*g. Let b be h(0). Suppose -3*u + 5*t - 6 = -b*t, t + 3 = 2*u. Suppose 4*j + 3*q = 2*q + 235, -u*q + 9 = 0. Is j composite?
True
Let j(r) = 592*r**2 + 124*r + 1115. Is j(-20) a composite number?
True
Suppose 9*d - 8377 + 3861 = 19397. Is d composite?
False
Let x(t) = 4*t**2 + 45*t - 230. Is x(-39) composite?
False
Let k(q) = -117*q**2 + q - 10. Let g(p) = 58*p**2 + 5. Let z(i) = -5*g(i) - 2*k(i). Let u be z(-4). Let f = u + 1690. Is f composite?
False
Suppose 4*m + 4679 - 23843 = -d, 3*d = -5*m + 23962. Is 4/(-16)*-2*m prime?
False
Is 6*323951/(-8)*(-9 + (-690)/(-90)) a prime number?
True
Let z be 6/6 - -218*4/4. Suppose 215*r - z*r = -15764. Is r composite?
True
Suppose 16*c - 6*c = 465760. Suppose -26*u + 30*u - 4*a - c = 0, 3 = -a. Is u composite?
True
Suppose 24 = -7*u + 5*u. Is (-1226)/((-3 - 0)*(-8)/u) prime?
True
Suppose 27*s + 92370 = 32*s. Suppose -335*w = -329*w - s. Is w a composite number?
False
Is 3*(-7)/63 - (-67590)/27 composite?
False
Let p(n) = 22498*n**2 - 294*n - 1165. Is p(-4) a prime number?
False
Let o(w) = -w**3 - 5*w**2 - 9*w - 7. Let b be o(-3). Let s(t) = -12*t**2 + 23 + t**3 + 0*t - t**b + 7*t. Is s(14) a prime number?
True
Is 2*((-405921)/(-66) + (-117)/(-99) + -1) composite?
False
Suppose -7*n - n = -6*n - 46316. Is n a prime number?
False
Let s be -1 + 6 + 176/16. Suppose -2*h + 4*x = -s, -2*x - 12 = -0*h - 3*h. Suppose -h*f - 1559 = -4*j + j, -4*j = -f - 2072. Is j a composite number?
True
Let z(k) = -k**2 + 10*k + 30. Let j be z(12). Suppose 9*h - j*h - 15879 = 0. Is h a composite number?
True
Suppose -312 = 3*z - 3*u, u - 131 = 2*z + 81. Is 479 + z/84 + 2/7 a composite number?
True
Suppose -1832 = -4*r + 116. Is r composite?
False
Let h(d) = 3*d**2 + 16*d - 1. Let z be h(-5). Let q(b) = -194*b + 176. Let s(v) = 65*v - 59. Let r(t) = z*q(t) - 17*s(t). Is r(18) a prime number?
True
Let m = 209871 - 68810. Is m composite?
False
Suppose -5*h + 4*b - 48 = 72, -96 = 4*h + 4*b. Let n(q) = q**3 + 33*q**2 + 51*q - 17. Is n(h) composite?
False
Suppose 75 = -43*l + 48*l. Let x be l - (-1 + 0)/(1/(-3)). Suppose x*p - 2342 = 10*p. Is p a prime number?
True
Let s(g) = -g**3 - g**2 - 30*g - 1. Suppose -4*d + 4*o = -4, -2*o = 4*d - o - 9. Suppose -29 = 3*n - d*q, 3*q + 31 = -3*n + 7*q. Is s(n) a composite number?
True
Let n = 4076 - -3515. Is n a prime number?
True
Suppose -5*z + 907317 = 30*l - 29*l, -4 = -2*l. Is z composite?
True
Let w = -1840 + 2061. Suppose 4*k - 16371 = 3781. Suppose 3*f - k = w. Is f a prime number?
True
Let b be (4 + 1)/(90/376380). Let y = -14663 + b. Is y a prime number?
True
Suppose 0 = 757*s - 758*s + 47388. Let y = s + -26383. Is y composite?
True
Suppose g + q = 0, 22 = 2*g - 5*q + 1. Suppose 5*t - 805 = -5*p, -2*p - g*t - 513 = -5*p. Is p prime?
False
Suppose -130*y + 124*y = -98994. Is y a composite number?
True
Is (-2049756)/(-12) - (6 + -16) prime?
False
Is 5/8 + 19574400690/3120 a prime number?
True
Suppose 9*b = b - 48. Is 2*10630/52 + b/(-39) a composite number?
False
Let f(n) = 2*n - 6. Let w be f(8). Suppose -25*m - w = -30*m. Suppose 0 = -3*i - m*r + 4*r + 277, -2*i + 4*r + 198 = 0. Is i prime?
True
Let i = -35218 - -70491. Is i composite?
True
Suppose 40596 = -3*k + 244719. Is k composite?
False
Suppose 7*p + 14*p = 3709241 + 458230. Is p prime?
False
Let b be (((-6)/(-4))/(1/100))/1. Is 4 + b/(-35) + 53162/14 a composite number?
False
Let d(m) = m**2 + 16*m + 67. Let h be d(-9). Let f(b) = 713*b - 39. Is f(h) a prime number?
False
Suppose -3 = j, 3*f + 7*j - 12*j = 24. Suppose 4*d - 2*d - 8897 = -f*y, 4*y + 4421 = d. Is d a prime number?
True
Suppose -449*m - 215*m + 270344640 = -184*m. Is m a composite number?
True
Suppose 4*l + 3162 = 5*v + 58, 3*v = -3*l + 1884. Let w = 2957 - v. Suppose -16*d = -17*d + w. Is d a composite number?
False
Suppose 2*u = 4*z + 1394, 3*z - 5*u + 73 + 969 = 0. Let k = -186 - z. Is k a prime number?
True
Let j be 1 + 0 + (-2 - -2). Suppose 156264 + 102588 = -11*p. Is (15/12 - j) + p/(-16) prime?
True
Let a(j) = j**2 - 44*j + 174. Suppose -4*z - 4*v + 156 = 0, -54*v + 56*v = -5*z + 207. Is a(z) composite?
False
Suppose -q = 5*c - 60, c - 9 = 2*c - 4*q. Let f = c - 4. Suppose 3*k - f*k + 508 = 0. Is k composite?
False
Let u(b) = -48*b + 17. Let z(h) = -48*h + 17. Let j(p) = -2*u(p) + 3*z(p). Suppose 0 = -2*t + v + 3*v - 16, 2*v = 0. Is j(t) composite?
False
Is ((-1243235)/490)/(2/(-28)) a composite number?
False
Let h(b) = -25*b + 147. Let i be h(5). Is (-10)/55 - (-37866)/i prime?
True
Is 3/(-27) + (-58962529)/(-171) - -5 composite?
True
Let j(i) = 2*i**2 + 12*i - 19. Let q be (8/14)/(20/1610). Let d = q + -61. Is j(d) a prime number?
True
Let f(p) = p**3 - 3*p**2 - p - 1. Let w be f(-2). Let d = w + 20. Is -4*(9/(-6) + d)*479 a composite number?
True
Let v(w) be the first derivative of -3*w**2 + 2*w - 11. Let o be v(0). Suppose 0 = o*y + 3164 - 7470. Is y prime?
True
Let i(d) = 486*d + 4178. Is i(44) a composite number?
True
Let w(u) = 5*u - 2 - u + u - u**2. Let r be w(5). Is (-1)/1*-129 + r a composite number?
False
Let k(z) = -2*z**3 + 29*z**2 + 15*z. Let w be k(15). Is ((1/(-2) - w) + 1)*1004 a composite number?
True
Suppose 29*m + 2276705 = 30*m - 8*y, 0 = 5*m - 3*y - 11383784. Is m a composite number?
True
Let b = 269236 - 131750. Is b composite?
True
Let y = 33 - 27. Suppose y*h + 4*u = h + 3696, 3*u = -h + 737. Suppose h + 24 = 4*v. Is v a prime number?
True
Is ((115/75)/(6/(-18)))/((-1)/306655) prime?
False
Is 7218/4*38 - (9 - (-90)/(-18)) composite?
False
Let i(s) = -s**3 + 141*s**2 + 129*s - 408. Is i(83) prime?
True
Suppose -2*f = f - 291. Let u = f + -81. Let o(c) = c**3 - 8*c**2 + 26*c - 37. Is o(u) composite?
True
Let c = -143 + 143. Suppose c = -4*l + 5*m + 13689, -5*m = 4*l - 3*l - 3416. Is l composite?
True
Let w be (-15)/(-30) + 1673/2. Let q = w + 34. Is q prime?
False
Suppose -4*j = 5*o - 462724, -j = -5*o + 33083 - 148764. Suppose 2*y - 31*y + j = 0. Is y a prime number?
True
Suppose 18*w - 2524099 = 1016483. Is w composite?
False
Let o(p) = 3*p**2 + 2*p - 42. Let n be o(25). Let d = n + -994. Is d prime?
False
Suppose 171046 = -23*m + 1239833. Is m a composite number?
True
Suppose 2*c + p + 4 = -32, -20 = 5*p. Is (-4)/c*(8717 - (-3 + 4)) a composite number?
False
Let y be ((-3)/(-1) - -193912)*(-8)/(-20). Suppose 0 = -5*c + 8259 + y. Is c prime?
False
Let t(l) = -135395*l - 82. Is t(-1) composite?
True
Let l(d) = -d**2 + 13*d + 25. Let x be l(8). Let h = x + -70. Is ((-1465)/10)/(h/10) a composite number?
False
Let f(q) = 2*q**2 + 21*q + 8. Let b be f(-12). Let o be (8 - 0)*(-22)/b. Is (1 - 2866/o) + (-3)/(-2) a prime number?
True
Let j = -311415 + 663818. Is j composite?
False
Let b(f) = 15547*f + 400. Is b(3) composite?
False
Let o = 555 - 1204. Let w = 1020 + o. Suppose 0 = 3*m - 2*